or of 6 and i?
6
Suppose 2*c = 3*c - 2*l - 33, -5*l = 3*c - 110. What is the highest common divisor of c and 280?
35
Suppose 5*n = 5*g - 845, 31*n - 28*n = -2*g + 323. Calculate the highest common divisor of 2 and g.
2
Suppose 3*i - 5*r = 24, -i - 5*r - 9 = -r. Suppose -4*b - 3*v = -31, -v - 44 = -5*b - i*v. What is the highest common factor of 25 and b?
5
Suppose 0*v = -3*j - 4*v - 520, -3*j + v - 515 = 0. Let w be (-2)/(-3 + j/(-60)). Let p = w - 7. What is the highest common divisor of p and 2?
2
Let u be (0 - -3)*28/21. Suppose -u = -2*m - 0. Suppose 4*r = -m*n + 24, -2 = -n - 0*n + 3*r. What is the greatest common divisor of n and 16?
8
Let s be (-32)/112 - (-1 + 3532/(-14)). Suppose 0*t + 3*z + 318 = 5*t, -s = -4*t + z. What is the greatest common divisor of 9 and t?
9
Suppose 44 = 10*a - 6*a. Let x = a + -9. Calculate the highest common factor of x and 14.
2
Let q(l) = l - 6*l + 6 + 2*l**3 + 2*l**3 + l - 3*l**2. Let o be q(4). Suppose 4*d - 73 = 15. What is the highest common factor of d and o?
22
Suppose -399 = -15*a + 21. What is the highest common divisor of 308 and a?
28
Let y = -4 - -7. Let g = 307 - 304. What is the highest common factor of g and y?
3
Suppose 0 = -3*s - 3 + 3. Suppose -r + 2*v + 31 = s, 5*r = 2*v + 2*v + 137. What is the highest common divisor of 5 and r?
5
Suppose -7*g + 4*g - 10 = -2*l, -2*g + 20 = 4*l. Calculate the highest common factor of l and 845.
5
Let n be 7048/64 - 1/8. What is the greatest common factor of n and 2?
2
Let m(x) = -4*x**2 - 25*x + 17. Let n be m(-5). What is the greatest common divisor of 504 and n?
42
Let r = 10 + -6. Suppose o - 3*o = -r. Suppose -5 = -i + o. What is the highest common divisor of i and 35?
7
Suppose -17*j + 60 = -14*j. Let b = j + -6. Calculate the highest common divisor of b and 14.
14
Let a be (-392)/21*(20/(-7) - -2). What is the greatest common divisor of 176 and a?
16
Suppose -5*n + 310 = -3*k - 641, 5*k = -5*n - 1625. Let z = -161 - k. What is the greatest common factor of z and 23?
23
Suppose 0 = -3*y - 2*y + 180. Suppose 45 = 5*c + 4*x, -3*c + 14*x = 12*x - 27. Calculate the greatest common divisor of c and y.
9
Let k be 714/98 - 2/7. Calculate the highest common divisor of 917 and k.
7
Let y = 36 + -9. Let o = 562 - 559. Calculate the greatest common divisor of y and o.
3
Let z(n) = 6*n - 28. Let g = 43 - 34. Let c be z(g). Calculate the highest common factor of c and 26.
26
Suppose 3*g - 19 + 7 = 0. Suppose -z + 69 = -0*q + 3*q, g*q + 20 = 0. Calculate the highest common divisor of 21 and z.
21
Let p(h) = h**2 - 27*h - 202. Let z be p(38). Calculate the highest common divisor of z and 162.
54
Let z = -449 + 639. Calculate the highest common divisor of 152 and z.
38
Let f(t) = t**2 - 7*t - 6. Let s be f(8). Suppose 0*p = s*p - 16. Calculate the greatest common divisor of p and 64.
8
Suppose 2*y + 10*d = 11*d + 34, d = -2*y + 30. What is the highest common divisor of y and 688?
16
Suppose -f + 4 = -2*r - 5, 40 = 5*f - 5*r. Suppose -4*z + f*z - 144 = 0. Calculate the highest common factor of 8 and z.
8
Let p(s) = -5*s**2 - 34*s + 41. Let f(d) = -6*d**2 - 35*d + 42. Let h(g) = 6*f(g) - 7*p(g). Let w be h(25). What is the highest common divisor of w and 60?
20
Let s be 1/(-4) - (-36)/16. Suppose s*y + 16 = 80. Suppose 8*r = 10*r - 8. What is the greatest common factor of r and y?
4
Suppose 5*m - 298 = -15*q + 19*q, 0 = -3*m - 3*q + 195. What is the highest common divisor of 2 and m?
2
Let g = 926 - 893. Calculate the highest common factor of 1056 and g.
33
Let w(m) = -2*m. Let z be w(-5). Suppose -450 = z*c - 15*c. What is the highest common divisor of 60 and c?
30
Let f(p) = -p**3 + 11*p**2 + 14*p - 14. Let r be f(12). Let u = -647 + 652. What is the greatest common factor of u and r?
5
Suppose 16 = -4*k, 2*a + k - 211 - 241 = 0. Suppose v = -5*u + 48, -2*v - 3*u - u = -84. Calculate the highest common divisor of a and v.
38
Let f = 110 - 104. Let i = 44 + -38. What is the greatest common divisor of i and f?
6
Suppose 3*t - 2*t + 5*y = -12, t + 2*y = -3. What is the greatest common factor of t and 6?
3
Let b(h) = h**2 + 14*h + 15. Let v be b(-13). Suppose 0 = 5*o - v*o - 99. Calculate the greatest common divisor of 66 and o.
33
Suppose 33*f - 70 = 95. Calculate the greatest common divisor of 205 and f.
5
Let x(h) = -2 + 2*h**2 + 4*h**2 - h - 5*h**2. Let p be x(2). Suppose p = 3*u + 2 - 8. What is the greatest common divisor of u and 1?
1
Let n(j) = -168*j - 17. Let l be n(-2). What is the highest common factor of 29 and l?
29
Suppose -x + 0 = 2. Let h(o) = -o**3 - 3*o**2 + 1. Let k be h(x). Let y be 1 + k + 4 + 38. What is the highest common factor of 5 and y?
5
Let r = -60 - -36. Let h = r + 31. Calculate the greatest common factor of h and 35.
7
Let c = 1259 - 1232. Let y(n) = -n**3 - 6*n**2 - 6*n - 2. Let m be y(-5). Calculate the highest common factor of m and c.
3
Suppose -w = 4*w. Suppose -3*v - 12 = 3*u, w = -3*u + 9 - 24. Let g = 1 + v. What is the greatest common factor of 18 and g?
2
Let y = -23 + 34. Let u be -3 + y/(33/54). Let a be 1*-3*45/(-27). What is the greatest common divisor of a and u?
5
Let d = -279 - -333. What is the greatest common factor of d and 2?
2
Let q be (-1)/(2 + (-21)/9). Suppose -5*h = -118 + 43. Let u = 6 + h. Calculate the highest common factor of q and u.
3
Let d(r) = 2*r + 15. Let c = -28 - -32. Suppose 5*x + 5 = 4*q + 54, 3*q = -c*x + 2. Let u be d(q). What is the highest common factor of u and 33?
3
Suppose 15*k + 4*v = 12*k - 247, -k - 3*v = 89. Suppose 7*x + 710 = 2*x. Let f = k - x. What is the highest common factor of 13 and f?
13
Let i be (6 - 0)*22/44. Calculate the greatest common divisor of i and 3.
3
Let z = 43 + -31. Let l = -31 + 49. What is the greatest common divisor of l and z?
6
Let o = 688 + -547. What is the highest common factor of 4512 and o?
141
Let m(r) = -19*r + 4. Let f be m(-5). Let t = 90 - 64. Let z = f + t. Calculate the highest common divisor of z and 25.
25
Suppose f = 5*v - 15, 0*f - 26 = -4*v - 2*f. Suppose g - v*s - 38 = -2*g, -28 = -3*g - s. What is the highest common divisor of g and 110?
10
Suppose -1401 + 121 = -20*a. Calculate the highest common divisor of a and 832.
64
Suppose -10*r - 5*z + 17 = -6*r, -z = 3*r - 21. Let f(d) = -d**3 - d**2 + d + 1. Let s be f(0). What is the highest common factor of s and r?
1
Suppose 2*q = 4*w - 82, -3*w - 109 + 153 = -5*q. Calculate the greatest common divisor of w and 667.
23
Let p = -224 - -730. Calculate the highest common factor of 46 and p.
46
Let x(l) be the first derivative of -l**4/4 - 4*l**3/3 + l**2/2 - 8*l + 31. Let k be x(-5). What is the greatest common factor of k and 84?
12
Let p be (918/24)/((-9)/(-24)). Let z = p - 39. What is the highest common factor of 7 and z?
7
Suppose 5*d - 273 = -2*d. Let p = d - 30. Calculate the greatest common factor of 27 and p.
9
Let g be (-1134)/(-7) + -4 + -2. What is the highest common divisor of 52 and g?
52
Suppose 256 = 5*c - 3489. What is the highest common factor of 7 and c?
7
Let w(c) = -4*c + 200. Let d be w(-10). What is the greatest common divisor of d and 160?
80
Suppose -22 = -3*o + 5. Let d(v) = v**2 + 4*v + 10. Let x be d(-6). Suppose -x*h + 18 = -20*h. Calculate the greatest common factor of o and h.
9
Suppose 3*b + 5*z - 9 = 0, 6 = b - z + 3. Suppose -880 = -q - b*q. What is the greatest common factor of q and 44?
44
Let u be ((-4)/(-6))/((-1)/(-3)). Suppose -g + 144 = 2*g. Suppose -5*p + g = 18. Calculate the greatest common factor of p and u.
2
Let c(x) = 3*x**3 - 28*x**2 + 103*x + 18. Let t be c(5). Let w = 8 - -8. Calculate the greatest common divisor of t and w.
16
Suppose 12*o + 93 = 17*o + v, -5*v - 105 = -5*o. Calculate the highest common factor of 247 and o.
19
Let x(b) = -7*b + 5. Let d(g) = 6*g - 4. Let t(k) = 3*d(k) + 2*x(k). Let s = 11 + -6. Let q be t(s). Calculate the highest common divisor of 198 and q.
18
Let k be (-1 + 0)*-1 + 1. Suppose -3*y + 0*y = -12. Suppose 0 = s - y - 18. Calculate the greatest common factor of k and s.
2
Let p(i) = i**3 - 7*i**2 - 20*i + 21. Let q be p(9). Suppose 20 = -2*w + q*w. What is the highest common divisor of w and 8?
4
Suppose 5*u - 836 = f, -f + 844 = 2*u + 3*u. What is the highest common divisor of 48 and u?
24
Suppose -5*y + 81 =